at are the prime factors of 12922?
2, 7, 13, 71
What are the prime factors of 873?
3, 97
List the prime factors of 12220.
2, 5, 13, 47
What are the prime factors of 2181?
3, 727
List the prime factors of 118.
2, 59
What are the prime factors of 140168?
2, 7, 2503
List the prime factors of 18432.
2, 3
What are the prime factors of 1518?
2, 3, 11, 23
What are the prime factors of 8700?
2, 3, 5, 29
List the prime factors of 34641.
3, 1283
What are the prime factors of 15579?
3, 577
List the prime factors of 99757.
7, 14251
What are the prime factors of 7542?
2, 3, 419
List the prime factors of 15839.
47, 337
What are the prime factors of 724?
2, 181
What are the prime factors of 1055?
5, 211
What are the prime factors of 78973?
151, 523
What are the prime factors of 94056?
2, 3, 3919
What are the prime factors of 325?
5, 13
List the prime factors of 3990.
2, 3, 5, 7, 19
What are the prime factors of 101809?
61, 1669
What are the prime factors of 1457?
31, 47
List the prime factors of 7957.
73, 109
What are the prime factors of 66020?
2, 5, 3301
What are the prime factors of 39743?
11, 3613
List the prime factors of 5876.
2, 13, 113
What are the prime factors of 1635?
3, 5, 109
List the prime factors of 5024.
2, 157
What are the prime factors of 6900?
2, 3, 5, 23
List the prime factors of 6451.
6451
List the prime factors of 10155.
3, 5, 677
What are the prime factors of 3531?
3, 11, 107
List the prime factors of 123697.
7, 41, 431
List the prime factors of 16940.
2, 5, 7, 11
List the prime factors of 16213.
31, 523
What are the prime factors of 5045?
5, 1009
List the prime factors of 1835.
5, 367
What are the prime factors of 164?
2, 41
List the prime factors of 1563.
3, 521
What are the prime factors of 51750?
2, 3, 5, 23
List the prime factors of 2329.
17, 137
List the prime factors of 1986.
2, 3, 331
List the prime factors of 50578.
2, 11, 19
What are the prime factors of 1932?
2, 3, 7, 23
List the prime factors of 104337.
3, 11593
What are the prime factors of 4872?
2, 3, 7, 29
What are the prime factors of 39715?
5, 13, 47
List the prime factors of 3193.
31, 103
List the prime factors of 887.
887
What are the prime factors of 14412?
2, 3, 1201
List the prime factors of 1914.
2, 3, 11, 29
List the prime factors of 2430.
2, 3, 5
What are the prime factors of 22652?
2, 7, 809
List the prime factors of 1042.
2, 521
What are the prime factors of 31005?
3, 5, 13, 53
List the prime factors of 3762.
2, 3, 11, 19
What are the prime factors of 1640?
2, 5, 41
List the prime factors of 127981.
7, 47, 389
List the prime factors of 770.
2, 5, 7, 11
What are the prime factors of 1134?
2, 3, 7
What are the prime factors of 3276?
2, 3, 7, 13
List the prime factors of 69061.
69061
What are the prime factors of 47927?
11, 4357
List the prime factors of 949.
13, 73
What are the prime factors of 254?
2, 127
What are the prime factors of 17971?
17971
What are the prime factors of 13134?
2, 3, 11, 199
What are the prime factors of 8614?
2, 59, 73
What are the prime factors of 3568?
2, 223
What are the prime factors of 15118?
2, 7559
What are the prime factors of 2641?
19, 139
What are the prime factors of 45536?
2, 1423
What are the prime factors of 822?
2, 3, 137
List the prime factors of 121938.
2, 3, 20323
What are the prime factors of 397?
397
List the prime factors of 24851.
24851
List the prime factors of 61410.
2, 3, 5, 23, 89
What are the prime factors of 1160?
2, 5, 29
What are the prime factors of 5728?
2, 179
What are the prime factors of 45493?
7, 67, 97
What are the prime factors of 2496?
2, 3, 13
What are the prime factors of 10242?
2, 3, 569
List the prime factors of 1397.
11, 127
List the prime factors of 1590.
2, 3, 5, 53
List the prime factors of 7008.
2, 3, 73
List the prime factors of 22982.
2, 11491
List the prime factors of 98887.
98887
List the prime factors of 20120.
2, 5, 503
List the prime factors of 12794.
2, 6397
List the prime factors of 2140.
2, 5, 107
What are the prime factors of 4429?
43, 103
What are the prime factors of 607?
607
What are the prime factors of 5697?
3, 211
What are the prime factors of 9625?
5, 7, 11
List the prime factors of 63276.
2, 3, 5273
What are the prime factors of 436?
2, 109
What are the prime factors of 127961?
41, 3121
List the prime factors of 25384.
2, 19, 167
List the prime factors of 17993.
19, 947
What are the prime factors of 3785?
5, 757
List the prime factors of 9233.
7, 1319
List the prime factors of 2310.
2, 3, 5, 7, 11
List the prime factors of 103851.
3, 11, 1049
List the prime factors of 5520.
2, 3, 5, 23
What are the prime factors of 102403?
7, 14629
List the prime factors of 1597.
1597
List the prime factors of 3322.
2, 11, 151
What are the prime factors of 48?
2, 3
What are the prime factors of 74667?
3, 24889
List the prime factors of 4188.
2, 3, 349
List the prime factors of 2.
2
What are the prime factors of 127905?
3, 5, 8527
List the prime factors of 13986.
2, 3, 7, 37
List the prime factors of 8339.
31, 269
List the prime factors of 27665.
5, 11, 503
What are the prime factors of 8573?
8573
What are the prime factors of 58194?
2, 3, 53, 61
List the prime factors of 3659.
3659
What are the prime factors of 1218?
2, 3, 7, 29
What are the prime factors of 192?
2, 3
List the prime factors of 5353.
53, 101
List the prime factors of 15154.
2, 7577
List the prime factors of 937.
937
What are the prime factors of 1846?
2, 13, 71
List the prime factors of 869.
11, 79
What are the prime factors of 11973?
3, 13, 307
What are the prime factors of 441?
3, 7
What are the prime factors of 724?
2, 181
What are the prime factors of 229?
229
List the prime factors of 241.
241
List the prime factors of 5995.
5, 11, 109
What are the prime factors of 179?
179
List the prime factors of 8624.
2, 7, 11
List the prime factors of 3291.
3, 1097
What are the prime factors of 1326?
2, 3, 13, 17
List the prime factors of 8802.
2, 3, 163
What are the prime factors of 1006?
2, 503
List the prime factors of 3480.
2, 3, 5, 29
List the prime factors of 19340.
2, 5, 967
What are the prime factors of 1823?
1823
What are the prime factors of 281?
281
List the prime factors of 371.
7, 53
List the prime factors of 4860.
2, 3, 5
What are the prime factors of 6203?
6203
List the prime factors of 2774.
2, 19, 73
List the prime factors of 2120.
2, 5, 53
List the prime factors of 32715.
3, 5, 727
List the prime factors of 25504.
2, 797
What are the prime factors of 75180?
2, 3, 5, 7, 179
What are the prime factors of 25043?
79, 317
List the prime factors of 1246.
2, 7, 89
List the prime factors of 12958.
2, 11, 19, 31
List the prime factors of 143344.
2, 17, 31
List the prime factors of 128.
2
What are the prime factors of 17352?
2, 3, 241
List the prime factors of 12064.
2, 13, 29
What are the prime factors of 29466?
2, 3, 1637
What are the prime factors of 5537?
7, 113
List the prime factors of 1324.
2, 331
What are the prime factors of 2134?
2, 11, 97
What are the prime factors of 12871?
61, 211
List the prime factors of 16491.
3, 23, 239
List the prime factors of 69.
3, 23
What are the prime factors of 1028?
2, 257
List the prime factors of 4678.
2, 2339
List the prime factors of 2757.
3, 919
What are the prime factors of 19049?
43, 443
List the prime factors of 5514.
2, 3, 919
What are the prime factors of 3618?
2, 3, 67
What are the prime factors of 1744?
2, 109
List the prime factors of 449.
449
List the prime factors of 781.
11, 71
What are the prime factors of 1053?
3, 13
What are the prime factors of 139?
139
List the prime factors of 40471.
40471
List the prime factors of 13989.
3, 4663
What are the prime factors of 76324?
2, 19081
What are the prime factors of 1690?
2, 5, 13
List the prime factors of 2195.
5, 439
List the prime factors of 47066.
2, 101, 233
What are the prime factors of 6220?
2, 5, 311
What are the prime factors of 27888?
2, 3, 7, 83
List the prime factors of 5651.
5651
What are the prime factors of 41950?
2, 5, 839
List the prime factors of 4748.
2, 1187
List the prime factors of 1983.
3, 661
What are the prime factors of 153?
3, 17
What are the prime factors of 54?
2, 3
What are the prime factors of 1062?
2, 3, 59
List the prime factors of 2083.
2083
List the prime factors of 55646.
2, 2782